base 9
41136
Convert 20221 (base 3) to base 5.
1222
Convert 1231102 (base 4) to base 13.
3250
Convert 256 (base 12) to base 9.
433
What is 3200 (base 4) in base 15?
ee
What is 33344 (base 7) in base 12?
4a4b
Convert -10213 (base 5) to base 16.
-2ab
What is 11604 (base 7) in base 12?
1916
-33130 (base 4) to base 6
-4324
825 (base 9) to base 6
3035
Convert -111100 (base 3) to base 7.
-1023
-112210110 (base 3) to base 10
-10785
What is -504 (base 7) in base 9?
-306
Convert b5 (base 12) to base 9.
162
Convert 15410 (base 9) to base 16.
292b
Convert -e489 (base 15) to base 14.
-13847
8084 (base 11) to base 5
320430
Convert 1407a (base 11) to base 3.
1000111200
Convert -34153 (base 9) to base 3.
-1011011210
-130410 (base 5) to base 9
-7002
-1101012 (base 3) to base 12
-6b8
Convert 795c (base 14) to base 11.
14900
What is 186 (base 15) in base 16?
15f
Convert 2419 (base 11) to base 2.
110001011110
What is -243303 (base 5) in base 14?
-34d5
Convert -3530 (base 7) to base 2.
-10100001111
-9074 (base 11) to base 15
-3890
What is -5653 (base 8) in base 6?
-21455
Convert 10011110000011 (base 2) to base 10.
10115
Convert -386 (base 10) to base 5.
-3021
What is 3210021 (base 4) in base 10?
14601
What is 3b8 (base 15) in base 8?
1520
1ed (base 15) to base 14
240
What is -1114 (base 7) in base 12?
-297
What is -1021231 (base 4) in base 2?
-1001001101101
8837 (base 10) to base 2
10001010000101
Convert 1cb (base 13) to base 5.
2321
What is -3535 (base 13) in base 6?
-54344
Convert 34403 (base 7) to base 8.
21106
What is -1110011011110 (base 2) in base 6?
-54114
What is -230320 (base 5) in base 3?
-102021002
b052 (base 12) to base 11
13367
1cd (base 15) to base 3
120111
Convert -625 (base 8) to base 4.
-12111
Convert 524 (base 6) to base 3.
21021
What is -4929 (base 13) in base 16?
-2868
What is 5436 (base 16) in base 14?
7bdc
Convert -332030 (base 4) to base 13.
-1a72
Convert 492 (base 13) to base 5.
11140
Convert 247 (base 12) to base 4.
11113
What is 52610 (base 9) in base 16?
87c6
What is -21 (base 6) in base 10?
-13
Convert -321550 (base 7) to base 5.
-3241341
-b5 (base 14) to base 12
-113
-c7e (base 16) to base 5
-100243
-11389 (base 12) to base 14
-854d
Convert -a4d0 (base 15) to base 9.
-52716
What is c4c (base 14) in base 16?
974
-1011110000101 (base 2) to base 16
-1785
-41c (base 16) to base 7
-3032
Convert -44661 (base 7) to base 6.
-124213
Convert 1101313 (base 4) to base 11.
3a33
What is 7a7 (base 11) in base 13?
592
Convert 1838a (base 11) to base 12.
12a9a
-32432 (base 5) to base 3
-10002001
Convert -13325 (base 7) to base 5.
-103341
-101000001 (base 2) to base 6
-1253
What is 71ca (base 15) in base 16?
5de8
What is -53460 (base 8) in base 7?
-122034
Convert -921 (base 10) to base 6.
-4133
Convert -110110001100110 (base 2) to base 15.
-8350
30322 (base 4) to base 11
691
What is -9a3 (base 11) in base 16?
-4b2
What is -1285 (base 13) in base 5?
-41034
What is 353 (base 11) in base 16?
1a5
17013 (base 12) to base 16
804f
-10221 (base 3) to base 7
-211
10001100111 (base 2) to base 15
502
2340 (base 9) to base 4
123021
Convert 201222010 (base 3) to base 11.
aa33
What is 2d3 (base 16) in base 15?
333
What is 2a3b (base 12) in base 7?
20261
7cdd (base 14) to base 11
15388
6a34 (base 16) to base 5
1332223
What is -430 (base 14) in base 8?
-1472
625 (base 10) to base 4
21301
Convert -1611 (base 9) to base 13.
-733
What is 121313 (base 4) in base 10?
1655
426 (base 11) to base 4
20000
3655 (base 10) to base 7
13441
103200 (base 6) to base 14
314c
What is -130331 (base 5) in base 4?
-1033203
What is -da (base 16) in base 11?
-189
Convert 2435 (base 7) to base 14.
48c
Convert 895 (base 13) to base 6.
10454
-2242 (base 9) to base 6
-11402
4443 (base 7) to base 2
11000111111
81 (base 10) to base 3
10000
b20 (base 15) to base 7
10206
3143 (base 9) to base 12
1403
Convert 67 (base 12) to base 10.
79
What is -112110210 (base 3) in base 2?
-10100100110111
What is 8505 (base 10) in base 5?
233010
What is -24 (base 11) in base 10?
-26
Convert -31742 (base 9) to base 10.
-21017
What is -1101101100 (base 2) in base 4?
-31230
-66a0 (base 13) to base 10
-14326
What is 1100220201 (base 3) in base 6?
324331
-10620 (base 7) to base 8
-5225
Convert -1513 (base 12) to base 5.
-34323
143445 (base 7) to base 16
6c15
Convert -1166 (base 7) to base 11.
-370
Convert -10000011111111 (base 2) to base 4.
-2003333
3694 (base 12) to base 16
1810
What is b0a (base 12) in base 16?
63a
1022100 (base 3) to base 16
3ba
Convert 101001101111 (base 2) to base 3.
10122221
Convert 3505 (base 10) to base 3.
11210211
What is -29059 (base 11) in base 14?
-110bb
What is -1b6 (base 16) in base 3?
-121020
Convert a3 (base 12) to base 3.
11120
-23133 (base 4) to base 8
-1337
-299 (base 11) to base 6
-1342
12022 (base 4) to base 14
202
-30c9 (base 14) to base 15
-2759
What is 1111111010 (base 2) in base 14?
52a
What is -505 (base 13) in base 10?
-850
Convert 15454 (base 6) to base 5.
40204
What is 3123 (base 4) in base 14?
119
-3000 (base 5) to base 11
-311
What is -110101110101 (base 2) in base 14?
-1381
2064 (base 7) to base 11
606
What is 101111100100 (base 2) in base 14?
1176
What is 46 (base 12) in base 10?
54
What is -573 (base 8) in base 9?
-461
Convert 203514 (base 7) to base 10.
34899
What is 1ed (base 15) in base 7?
1210
What is -2b4 (base 13) in base 14?
-269
Convert 10201101212 (base 3) to base 5.
4320233
Convert 1201310 (base 5) to base 3.
1010021210
What is -b2c8 (base 16) in base 8?
-131310
What is -11100000 (base 3) in base 15?
-e09
-105a (base 12) to base 5
-24143
-306 (base 7) to base 13
-ba
What is -41835 (base 10) in base 15?
-c5e0
-1122342 (base 5) to base 9
-30817
What is -100010 (base 4) in base 7?
-2666
What is 165aa (base 11) in base 16?
5b38
What is 524 (base 12) in base 5?
10443
3313233 (base 4) to base 16
3def
What is 58b8 (base 13) in base 12?
7288
Convert -da3 (base 16) to base 8.
-6643
Convert 270 (base 10) to base 16.
10e
Convert 425 (base 11) to base 13.
304
91 (base 14) to base 11
106
What is -1115 (base 7) in base 16?
-194
467 (base 10) to base 14
255
What is 12203 (base 4) in base 5?
3134
Convert 77556 (base 8) to base 9.
48666
What is -4138 (base 10) in base 14?
-1718
Convert 2300 (base 7) to base 2.
1101000001
Convert 233 (base 16) to base 8.
1063
What is -25987 (base 10) in base 4?
-12112003
What is 15 (base 9) in base 7?
20
841 (base 14) to base 15
735
Convert -1524 (base 16) to base 8.
-12444
What is -784 (base 9) in base 4?
-22003
What is 79515 (base 10) in base 11?
54817
What is -5512 (base 7) in base 13?
-b86
Convert -1142 (base 8) to base 10.
-610
What is 16053 (base 8) in base 2?
1110000101011
Convert 566 (base 15) to base 10.
1221
Convert -3659 (base 12) to base 10.
-6117
-2660 (base 7) to base 6
-4422
What is -44 (base 15) in base 7?
-121
Convert -3a3 (base 12) to base 14.
-2b9
Convert 12034 (base 6) to base 15.
7ba
-2120111 (base 3) to base 9
-2514
Convert 46203 (base 10) to base 4.
23101323
Convert 35d8 (base 16) to base 10.
13784
Convert 1110101011100010 (base 2) to base 13.
214a5
45960 (base 10) to base 11
31592
What is 39647 (base 10) in base 9?
60342
What is -4124 (base 6) in base 9?
-1227
What is -3135 (base 7) in base 10?
-1104
What is 46102 (base 7) in base 4?
2313001
Convert 557 (base 14) to base 16.
421
What is 288 (base 9) in base 13?
158
Convert -61a (base 12) to base 11.
-736
Convert 687 (base 9) to base 8.
1065
Convert -165431 (base 7) to base 15.
-9c4b
Convert 345d (base 15) to base 14.
409b
-959 (base 11) to base 9
-1521
Convert 10014 (base 6) to base 10.
1306
-1559 (base 13) to base 6
-22232
What is 1211312 (base 4) in base 10?
6518
28056 (base 9) to base 2
100101000111101
490 (base 16) to base 5
14133
122010012 (base 3) to base 15
3a6e
Convert 9b9 (base 14) to base 4.
132013
What is 220122111 (base 3) in base 5?
1033333
-2002 (base 3) to base 14
-40
What is -223001 (base 4) in base 12?
-1715
Convert 10c (base 16) to base 9.
327
What is -10100011010 (base 2) in base 16?
-51a
Convert 2663 (base 11) to base 8.
6601
11110101010 (base 2) to base 16
7aa
-14620 (base 9) to base 10
-9981
111033 (base 6) to base 10
9309
What is 3a87 (base 11) in base 6?
40310
What is 6682 (base 10) in base 8?
15032
-f1c (base 16) to base 2
-111100011100
Con